-16*q**2 - 233*q - 90. Give l(-14).
36
Let r(n) = 2*n**2 + 169*n + 2538. What is r(-61)?
-329
Let z(c) = -2614*c - 172484. Determine z(-66).
40
Let n(f) = 5*f**2 + 2531*f + 132357. Give n(-447).
45
Let r(v) = 2*v**3 + 553*v**2 - 1970*v - 1469. What is r(-280)?
1331
Let d(q) = 121*q - 1258. Give d(12).
194
Let s(h) = 39*h**2 - 16*h + 7. Determine s(4).
567
Let t(c) = -6*c**2 - 12*c + 496. Calculate t(-17).
-1034
Let a(g) = -9*g**2 + 378*g - 143. What is a(41)?
226
Let x(n) = 2*n**3 + 2945*n**2 - 4602*n - 265316. Calculate x(-1474).
4
Let z(c) = c**2 - 135*c + 3076. Give z(30).
-74
Let r(n) = -488*n + 295. Calculate r(2).
-681
Let k(t) = -614*t**2 + 8081*t + 20. Calculate k(13).
1307
Let w(u) = u**3 - 52*u**2 + 2*u + 137. What is w(52)?
241
Let j(o) = 294*o - 19670. Determine j(67).
28
Let c(a) = 2521*a + 700847. Give c(-278).
9
Let o(j) = 2*j**2 - 10*j - 814. What is o(18)?
-346
Let s(j) = -j**3 + 2157*j**2 - 951101*j - 591. Determine s(618).
27
Let f(y) = 60*y**2 + 3606*y + 18142. Calculate f(-5).
1612
Let w(s) = 1605*s + 28874. Determine w(-18).
-16
Let v(o) = 988*o + 7463. Determine v(-6).
1535
Let v(l) = -l**3 + 77*l**2 - 57*l + 4337. What is v(77)?
-52
Let g(m) = 6*m**2 + 137007*m + 2464183. Give g(-18).
1
Let b(a) = a**2 + 823*a - 6872. Give b(8).
-224
Let m(v) = 3*v**3 + 9*v**2 - 3369*v - 16881. Determine m(-5).
-186
Let p(j) = -j**2 + 159*j - 5236. Calculate p(128).
-1268
Let w(s) = -5*s**2 + 139*s - 1263. Give w(15).
-303
Let j(b) = 252*b - 37697. Give j(161).
2875
Let b(g) = 4*g**3 - 461*g**2 - 534*g - 71. What is b(-1)?
-2
Let p(i) = i**2 + 174*i + 1887. Determine p(-15).
-498
Let a(c) = 8726*c + 9094. Determine a(-1).
368
Let b(n) = 3*n**3 - 41*n**2 - 28*n + 203. Calculate b(15).
683
Let i(l) = -4582*l + 22805. Calculate i(5).
-105
Let h(u) = 2223*u - 11061. Calculate h(8).
6723
Let f(a) = -1416*a**2 - 31141*a + 241. Calculate f(-22).
-1
Let l(q) = 6*q**3 - 6*q**2 + 17*q - 5. What is l(6)?
1177
Let k(y) = -68*y**3 - 36*y**2 + 37*y - 1. What is k(1)?
-68
Let i(o) = o**2 + 13986*o + 1691428. What is i(-122)?
20
Let h(z) = 40*z**2 - 149*z - 124. Calculate h(-1).
65
Let c(o) = 23675*o + 284127. Calculate c(-12).
27
Let x(r) = r**3 + 49*r**2 + 57*r - 646. Calculate x(-48).
-1078
Let c(i) = 1110*i**2 - 52*i - 96. Give c(-2).
4448
Let h(i) = i**3 - 24*i**2 + 124*i + 74. Determine h(19).
625
Let f(w) = 97903*w + 1076929. Calculate f(-11).
-4
Let h(d) = -d**3 + 60*d**2 - 2755*d - 12050. Calculate h(-4).
-6
Let h(d) = -d**3 + 30*d**2 + 116*d - 2879. What is h(31)?
-244
Let r(h) = 82*h**3 - 78*h**2 + 4*h - 11. Calculate r(0).
-11
Let f(j) = 1162*j - 40077. What is f(31)?
-4055
Let o(y) = 40*y**2 - 1549*y + 1000. Determine o(38).
-102
Let y(a) = -9036*a - 126555. Calculate y(-14).
-51
Let y(j) = -6472*j + 19335. Calculate y(3).
-81
Let b(v) = -v**2 - 5762*v - 68827. Give b(-12).
173
Let p(a) = 183*a + 33668. Calculate p(-182).
362
Let k(m) = -m**2 + 2463*m - 1254092. Give k(719).
-156
Let m(s) = -881*s - 11699. Calculate m(-14).
635
Let u(z) = z**2 - 561*z + 14868. Determine u(533).
-56
Let h(x) = 4*x**2 + 599*x + 724. Determine h(-150).
874
Let j(p) = 106*p + 9896. What is j(-66)?
2900
Let a(f) = f**3 + 52*f**2 + 113*f + 31047. Give a(-59).
13
Let z(u) = -98*u**3 - 690*u**2 - 90*u - 439. Calculate z(-7).
-5
Let n(o) = -o**2 + 5657*o + 1250423. Give n(-213).
113
Let k(t) = -391*t**2 + 2354*t - 43. Calculate k(6).
5
Let s(r) = 5211*r + 354342. What is s(-68)?
-6
Let l(i) = -8*i**2 + 37*i + 70. Determine l(-10).
-1100
Let l(i) = -i**3 - 65*i**2 + 90*i + 1579. Determine l(-66).
-5
Let j(r) = r**3 - 67*r**2 - 526*r - 842. Determine j(-5).
-12
Let l(n) = 2*n**3 - 89*n**2 + 116*n - 3303. Calculate l(44).
-135
Let q(c) = 7*c**2 - 407*c + 4901. Determine q(17).
5
Let m(f) = 10407*f - 1332113. Determine m(128).
-17
Let f(d) = 2*d**3 - 8*d**2 + 140*d - 1502. Calculate f(8).
130
Let z(f) = 26864*f - 967412. Determine z(36).
-308
Let v(w) = 13*w**3 - 116*w**2 - 594*w - 200. Give v(-5).
-1755
Let x(r) = r**3 - 16*r**2 + 60*r - 648. Give x(15).
27
Let y(q) = -q**3 + 86*q**2 - 6*q + 180. Give y(0).
180
Let i(r) = -2*r**2 - 60*r + 386749. What is i(425)?
-1
Let n(a) = 5*a**2 - 578*a + 1284. What is n(112)?
-732
Let k(i) = -i**3 - 1713*i**2 - 684082*i + 4307. Determine k(-1079).
-9
Let y(p) = 168*p + 3043. Give y(-16).
355
Let l(y) = 609*y + 69853. Calculate l(-114).
427
Let y(l) = -4*l**2 - 640*l + 9802. Determine y(-174).
58
Let s(l) = 4314*l + 26876. Determine s(-6).
992
Let q(o) = 1946*o + 20842. What is q(-9)?
3328
Let p(a) = a**2 + 24*a - 420. What is p(-17)?
-539
Let q(l) = -373*l - 6526. Give q(-12).
-2050
Let j(c) = -1725*c - 39859. What is j(-23)?
-184
Let v(c) = c**3 + 27*c**2 - 205*c - 44. What is v(9)?
1027
Let a(p) = 34*p**2 - 2689*p - 5374. What is a(-2)?
140
Let l(s) = 25936*s - 44791466. What is l(1727)?
6
Let h(t) = -7000*t - 78811. Determine h(-11).
-1811
Let w(p) = 3*p**3 + 9*p**2 + 22754*p + 91051. What is w(-4)?
-13
Let o(w) = -5*w**3 - 57*w**2 + 104*w + 1388. What is o(-11)?
2
Let h(t) = 7*t**3 - 51*t**2 - 68*t + 448. Determine h(7).
-126
Let y(w) = 1381*w + 8062. Give y(-6).
-224
Let s(y) = 4*y**2 - 2212*y - 115426. Determine s(601).
-34
Let m(n) = -286*n**2 - 2833*n - 146. Give m(-10).
-416
Let d(t) = 21*t**3 + 1070*t**2 + 457*t + 25817. Give d(-51).
-91
Let z(t) = 19*t**2 - 295*t - 886. What is z(-3)?
170
Let a(w) = 108*w**2 - 2551*w + 5894. Determine a(21).
-49
Let r(d) = -2*d**3 + 12*d**2 + 174*d - 822. Calculate r(4).
-62
Let v(g) = 70*g**2 + 81*g - 179. Calculate v(-5).
1166
Let x(g) = -4103*g - 160004. Determine x(-39).
13
Let b(k) = -91*k + 5210. Give b(56).
114
Let r(q) = 2285*q**2 - 18293*q - 6. What is r(8)?
-110
Let x(f) = 248*f - 24520. Calculate x(96).
-712
Let r(t) = 2104*t**3 - t**2 - 6*t - 4. Give r(-1).
-2103
Let u(t) = -90*t**2 - 7116*t + 7114. Calculate u(1).
-92
Let r(v) = -3*v**3 - 266*v**2 + 363*v + 24393. Calculate r(-89).
7
Let v(d) = -d**2 - 2721*d + 768577. Determine v(258).
-5
Let j(b) = -134*b**2 + 3207*b - 31. Give j(24).
-247
Let w(f) = 2*f**2 + 564*f + 18525. What is w(-38)?
-19
Let j(m) = -3012*m - 14499. Give j(-4).
-2451
Let s(m) = 23*m**2 + 191*m - 4599. Determine s(15).
3441
Let l(a) = 4*a**3 - 2*a**2 + 156*a + 157. What is l(-1)?
-5
Let s(d) = 4583*d**2 + 178745*d + 322. What is s(-39)?
10
Let a(k) = 198*k**2 + 262*k - 76. Give a(-2).
192
Let q(h) = 368*h + 38993. Calculate q(-105).
353
Let o(r) = 1272*r - 18359. What is o(15)?
721
Let b(w) = -5*w**3 - 1153*w**2 + 8797*w - 2135. What is b(-238)?
7
Let d(q) = -q**3 - 69*q**2 - 130*q - 91. Give d(-67).
-359
Let f(g) = 97710*g - 97699. Determine f(1).
11
Let d(o) = -1812*o + 90727. Calculate d(50).
127
Let w(y) = 10042*y - 60326. What is w(6)?
-74
Let x(j) = 3*j**2 + 2206*j + 64146. Calculate x(-705).
-9
Let q(m) = 66970*m + 3415476. Give q(-51).
6
Let b(s) = -s**3 - 14*s**2 + 39804*s + 517627. What is b(-13)?
6
Let y(g) = 1548*g - 37149. Give y(24).
3
Let t(r) = -6*r**3 - 481*r**2 - 207*r - 10153. Determine t(-80).
7
Let r(f) = 10562*f + 42344. Calculate r(-4).
96
Let c(o) = -8655*o - 43301. What is c(-5)?
-26
Let o(k) = 2*k**3 + 388*k**2 - 97*k - 18816. Determine o(-194).
2
Let r(y) = 150*y**2 - 12453*y + 235. Calculate r(83).
-14
Let g(u) = 16*u**2 - 1338*u + 1337. What is g(1)?
15
Let i(s) = s**2 - 362*s + 2115. Determine i(6).
-21
Let t(y) = y**2 + 140*y + 3429. Calculate t(-54).
-1215
Let k(c) = -40*c**3 + 278*c**2 - 25*c + 266. Calculate k(7).
-7
Let k(a) = 36*a**2 - 860*a + 2186. Determine k(21).
2
Let w(v) = -v**3 - 56*v**2 - 323*v + 277. Calculate w(-49).
-703
Let x(v) = -v**3 + 31*v**2 + 443*v + 332. Calculate x(-13).
2009
Let s(v) = 388*v + 11629. Determine s(-30).
-11
Let c(x) = -2*x**3 - 4*x**2 - 770*x - 3143. What is c(-4)?
1
Let l(w) = w**2 - 1637*w + 24409. Calculate l(15).
79
Let c(d) = 149*d**2 - 21160*d - 134. What is c(142)?
-418
Let a(n) = -436*n**2 + 876*n + 41. What is a(2)?
49
Let z(r) = -r**2 - 271*r - 18443. Calculate z(-132).
-95
Let f(a) = -a**3 + 242*a**2 - 128*a + 30. Give f(0).
30
Let d(o) = -556*o**2 + 476485*o + 5999. Give d(857).
0
Let i(t) = -10*t**3 + 1775*t**2 + 894*t - 493. Determine i(178).
219
Let a(c) = -135*c - 871. Give a(-6).
-61
Let l(o) = -4018*o - 36531. What is l(-9)?
-369
Let q(d) = 9*d**2 - 75*d + 